 -47*x**3 + x**2. Determine k(-1).
48
Let j(s) = -s**2 - 20*s + 250. Give j(-28).
26
Let m(p) = -33*p - 157. Determine m(-5).
8
Let o(p) = 9*p + 6. Give o(-6).
-48
Let c(w) = 2*w - 50. Determine c(30).
10
Let m(f) = 5*f**2 + 24*f. Determine m(-5).
5
Let v(m) = m**3 + 5*m**2 - 10*m - 12. Give v(-6).
12
Let d(v) = -v - 18. Determine d(-8).
-10
Let f(t) = -t - 8. Give f(-31).
23
Let w(z) = -z**2 + 9*z - 12. Calculate w(8).
-4
Let p(u) = 47*u - 573. Give p(12).
-9
Let c(i) = 10*i - 354. Give c(32).
-34
Let z(n) = -2*n**2 - 3*n + 4. Calculate z(0).
4
Let g(i) = 5*i - 16. Calculate g(5).
9
Let d(x) = 2*x**2 - 13*x + 5. Determine d(5).
-10
Let d(r) = -33*r**2 - 4*r + 2. Calculate d(1).
-35
Let c(s) = -22*s - 1. What is c(1)?
-23
Let h(y) = 16*y - 3. Calculate h(2).
29
Let m(s) = -9*s + 10. Calculate m(3).
-17
Let i(m) = m**2 - 13*m - 30. What is i(15)?
0
Let d(n) = -29*n**2 - 2*n + 1. Determine d(1).
-30
Let j(u) = -u**3 - 18*u**2 - 22*u - 15. Determine j(-17).
70
Let p(z) = z**2 - 9*z + 5. Give p(8).
-3
Let m(q) = -58*q + 55. Give m(1).
-3
Let a(z) = -z**3 - 5*z**2 - 2*z + 2. Give a(-4).
-6
Let k(r) = -3*r + 62. Give k(21).
-1
Let o(j) = j**2 + 5*j - 38. Calculate o(7).
46
Let m(g) = -15*g - 4. Give m(1).
-19
Let r(d) = 3*d**2 + 10*d + 57. Determine r(-5).
82
Let c(o) = o - 12. Determine c(8).
-4
Let v(z) = -3*z**3 + 3*z**2 - 3*z + 9. Determine v(0).
9
Let x(r) = r**3 + 10*r**2 - 6. Determine x(-9).
75
Let a(o) = -12*o**2 - 2*o + 1. Determine a(1).
-13
Let r(k) = -k**3 - 13*k**2 + 16*k + 17. Give r(-14).
-11
Let j(a) = a - 31. Determine j(28).
-3
Let u(f) = -f**2 + 10*f - 10. What is u(4)?
14
Let h(o) = -o**2 - 20*o - 25. Determine h(-17).
26
Let q(u) = 42*u. Calculate q(-1).
-42
Let w(x) = -3*x**3 + 67*x**2 + 48*x - 55. Determine w(23).
-9
Let a(o) = -o**3 - 5*o**2 + 4*o - 17. What is a(-6)?
-5
Let f(m) = m**2 + 14*m + 35. Give f(-14).
35
Let r(t) = 3*t + 8. What is r(-4)?
-4
Let p(w) = w**3 + 17*w**2 - w - 14. What is p(-17)?
3
Let l(y) = -y**2 + 3*y + 2. Give l(2).
4
Let r(w) = 8*w. Determine r(-3).
-24
Let i(l) = -2*l**2 + 8*l - 14. Calculate i(3).
-8
Let f(r) = r**3 - 11*r**2 + 24*r + 2. Calculate f(8).
2
Let n(u) = -u**3 + 7*u**2 + 16*u - 1. Calculate n(9).
-19
Let l(p) = 21*p - 7. Give l(2).
35
Let p(r) = -6*r**2 + r. Give p(1).
-5
Let l(r) = 2*r + 22. Give l(-4).
14
Let g(p) = -2*p + 4. What is g(-14)?
32
Let s(q) = q**3 + 3*q**2 - 6*q - 8. What is s(-4)?
0
Let n(i) = -i**2 - i + 3. Determine n(3).
-9
Let i(y) = 2*y**3 + 11*y**2 - 2*y - 1. Determine i(-5).
34
Let l(v) = 4*v + 8. Calculate l(-5).
-12
Let n(l) = -2*l - 78. Determine n(-37).
-4
Let s(u) = 5*u**2 + 5*u - 4. What is s(1)?
6
Let v(i) = i**3 + 6*i**2 - 7*i + 70. Calculate v(-8).
-2
Let d(m) = -m + 13. Determine d(-8).
21
Let m(q) = 5*q. Determine m(2).
10
Let c(t) = 2*t - 3. Calculate c(4).
5
Let b(q) = -q**2 - 18*q + 5. Give b(-16).
37
Let o(z) = 2*z**2 + 18*z - 5. Give o(-9).
-5
Let s(m) = -m**3 + 9*m**2 - 3*m + 9. Determine s(9).
-18
Let m(o) = o + 6. Determine m(-12).
-6
Let q(w) = w**2 - 11*w - 5. Determine q(11).
-5
Let z(k) = -2*k**2 - 32*k + 320. Determine z(-23).
-2
Let w(t) = 36*t + 197. What is w(-5)?
17
Let l(g) = -3*g**2 + 23*g - 1. Calculate l(8).
-9
Let r(q) = q + 13. Give r(0).
13
Let d(z) = -z**3 - 30*z**2 + 2*z + 59. Give d(-30).
-1
Let s(h) = -26*h + 1267. Give s(49).
-7
Let d(o) = -o**3 - 8*o**2 - 7*o + 4. Give d(-7).
4
Let p(r) = -2*r**2 - 2. Determine p(4).
-34
Let y(q) = q**2 + 10*q + 28. Give y(-7).
7
Let x(d) = d**2 - 10*d - 28. Calculate x(12).
-4
Let l(u) = -u**2 - 14*u + 127. What is l(7)?
-20
Let j(m) = -26*m**3 - 2*m**2 - m. What is j(-1)?
25
Let a(i) = i**3 + 5*i**2 - 5*i + 7. Determine a(-5).
32
Let h(b) = -b**3 - 18*b**2 + 23*b + 7. Calculate h(-19).
-69
Let k(u) = -u - 1. Give k(0).
-1
Let u(f) = -f**2 + 3*f - 11. Calculate u(3).
-11
Let b(t) = -5*t**3 + 5*t**2 + 2*t - 12. Determine b(2).
-28
Let h(u) = -u**2 + 11*u - 18. Calculate h(10).
-8
Let f(y) = 7*y + 4. What is f(3)?
25
Let x(l) = 3*l - 29. Give x(8).
-5
Let h(v) = -2*v. Calculate h(4).
-8
Let f(p) = -13*p + 11. Give f(-10).
141
Let v(g) = -11*g**3 + 2*g**2 - 2*g. Give v(1).
-11
Let w(m) = -8*m**2 + 56*m - 33. Determine w(6).
15
Let v(h) = -h**3 - 2*h**2 - 4*h + 28. What is v(0)?
28
Let q(w) = w**2 + 23*w - 153. Determine q(5).
-13
Let h(g) = -2*g**2 - 9*g - 6. Give h(-7).
-41
Let c(h) = -h**3 + 8*h**2 - h + 2. Give c(6).
68
Let d(u) = -6*u - 8. Calculate d(12).
-80
Let p(j) = j**2 + 13*j + 7. Give p(-14).
21
Let d(u) = u**2 + 13*u - 383. Give d(14).
-5
Let l(q) = -q**3 + q**2 - 2*q + 26. Determine l(0).
26
Let w(o) = -2*o**2 - 5*o - 2. Give w(3).
-35
Let l(s) = -41*s - 152. Determine l(-4).
12
Let z(q) = -q - 2. Give z(-9).
7
Let o(s) = 20*s - 8. Calculate o(-4).
-88
Let w(i) = -5*i**2 + 5*i - 7. Give w(2).
-17
Let a(k) = k**2 + 8*k - 9. Calculate a(5).
56
Let i(n) = -3*n + 9. Determine i(3).
0
Let x(w) = 102*w - 709. Calculate x(7).
5
Let x(b) = b**2 + 3*b - 4. Determine x(-3).
-4
Let t(a) = 3*a - 6. Calculate t(7).
15
Let r(j) = -2*j + 33. Calculate r(0).
33
Let z(r) = -r**2 + 8*r + 20. Give z(10).
0
Let u(o) = -o**3 - 3*o**2 + 6. Calculate u(0).
6
Let j(x) = -38*x - 570. Give j(-15).
0
Let k(t) = t**2 - 7*t + 2. Determine k(6).
-4
Let v(d) = -d**2 - 18*d - 49. What is v(-15)?
-4
Let h(m) = 12*m + 171. Calculate h(-14).
3
Let j(y) = -7*y - 95. Determine j(-14).
3
Let h(x) = x - 1. Calculate h(2).
1
Let t(s) = -s**3 + 14*s**2 - 14*s + 12. Give t(13).
-1
Let v(i) = 2*i + 3. Calculate v(1).
5
Let p(q) = q**3 - 13*q**2 + 7*q + 15. Determine p(12).
-45
Let w(h) = -2*h**2 - 14*h + 2. Determine w(-7).
2
Let o(c) = c**2 + 6*c - 3. What is o(-10)?
37
Let l(y) = -y**3 - 20. Give l(0).
-20
Let c(h) = h**2 - 11*h + 25. Give c(8).
1
Let g(m) = m**2 + 9*m - 1. Give g(-10).
9
Let i(d) = 4*d**3 + 20*d**2 + 6*d - 6. Determine i(-4).
34
Let t(s) = -s**3 - 4. Give t(0).
-4
Let v(b) = 2*b**3 + b**2 - 2*b - 3. What is v(-3)?
-42
Let n(z) = z**3 - 4*z**2 - 5*z + 18. Give n(3).
-6
Let r(s) = -s**2 - 14*s - 3. What is r(-12)?
21
Let n(a) = 27*a - 44. What is n(7)?
145
Let c(j) = 5*j. Calculate c(0).
0
Let k(l) = -13*l**2 - l - 2. What is k(4)?
-214
Let s(p) = 2*p + 11. Give s(9).
29
Let q(g) = g**3 - 4*g**2 - g + 6. Calculate q(4).
2
Let j(t) = t**2 - 7*t + 24. What is j(0)?
24
Let y(q) = -q**3 + 13*q**2 - q + 17. Calculate y(13).
4
Let c(z) = -30*z**3 - z**2 + z - 1. Give c(1).
-31
Let i(h) = h - 2. Determine i(4).
2
Let l(w) = -w**2 + 22*w - 12. Calculate l(19).
45
Let c(a) = -9*a - 23. Give c(-5).
22
Let i(m) = 18*m + 2. Determine i(-3).
-52
Let i(f) = f**3 + 49*f**2 + 8*f + 390. Give i(-49).
-2
Let x(k) = -11*k + 3. Calculate x(2).
-19
Let j(w) = w**2 - 31*w + 222. Calculate j(10).
12
Let g(p) = -2*p**2 + p + 23. Give g(5).
-22
Let a(k) = 3*k + 8. What is a(-6)?
-10
Let c(l) = -4*l**2 + 5*l + 2. Determine c(4).
-42
Let a(w) = -5*w**2 + 365*w - 5. What is a(73)?
-5
Let s(m) = -m**3 + 9*m**2 + 25*m - 7. Calculate s(12).
-139
Let p(z) = 4*z**3 - 2*z**2 + 2. Determine p(1).
4
Let i(u) = -u**2 + 7*u + 3. Give i(7).
3
Let w(l) = l**3 - 2*l**2 - 3*l + 4. Give w(2).
-2
Let z(r) = -r**3 - 17*r**2 - r - 10. Calculate z(-17).
7
Let x(o) = o**3 + 8*o**2 - 7*o - 85. Calculate x(-8).
-29
Let h(r) = -r**3 + 7*r**2 + 6*r + 2. Calculate h(7).
44
Let o(j) = 3*j - 18. What is o(17)?
33
Let w(b) = -8*b - 2. Give w(-2).
14
Let c(h) = -h**2 + h + 22. Determine c(5).
2
Let v(l) = -l**2 - 23*l - 11. What is v(-20)?
49
Let j(c) = c**3 + 10*c**2 - 2*c - 9. Calculate j(-10).
11
Let x(z) = z**3 + 15*z**2 + 13*z + 2. Calculate x(-14).
16
Let r(f) = f**3 - 9*f**2 + 16*f - 14. What is r(6)?
-26
Let b(i) = -18*i - 1. Calculate b(3).
-55
Let n(b) = 2*b - 14. Give n(12).
10
Let d(n) = n + 8. Calculate d(-12).
-4
Let g(f) = -f**2 - 24*f - 43. What is g(-20)?
37
Let q(y) = -y**3 - y**2 + 1. Give q(2).
-11
Let p(k) = k**2 + 5*k - 20. Calculate p(-7).
-6
Let n(a) = a**3 - 3*a**2 + 9*a - 8. Calculate n(2).
6
Let p(d) = d**3 + 39*d**2 - 2*d - 80. What is p(-39)?
-2
Let a(f) = f**3 - 10*f**2 - f + 5. Calculate a(10).
-5
Let z(t) = -14*t - 2. Calculate z(3).
-44
Let y(d) = -3*d - 19. Calculate y(-3).
-10
Let d(u) = -11*u + 4. Calculate d(7).
-73
Let h(f) = f - 80. What is h(67)?
-13
Let p(q) = q**2 - q - 4. Determine p(3).
2
Let i(g) = 12*g**2